{"id":3668,"date":"2025-04-03T15:34:28","date_gmt":"2025-04-03T13:34:28","guid":{"rendered":"https:\/\/ekodeks.com.pl\/sklep\/?post_type=product&#038;p=3668"},"modified":"2025-10-23T00:17:25","modified_gmt":"2025-10-22T22:17:25","slug":"cwiczenia-z-wrazliwosci-duze-i-male-szkice-literackie-leonard-neuger","status":"publish","type":"product","link":"https:\/\/ekodeks.com.pl\/sklep\/produkt\/cwiczenia-z-wrazliwosci-duze-i-male-szkice-literackie-leonard-neuger\/","title":{"rendered":"\u0106wiczenia z wra\u017cliwo\u015bci. Du\u017ce i ma\u0142e szkice literackie"},"content":{"rendered":"<p><strong>Ksi\u0105\u017ck\u0119 wydano w serii BIBLIOTHECA: ALIA UNIVERSA<\/strong><\/p>\n<p><strong>[O Autorze]<\/strong><\/p>\n<p><strong>Leonard Neuger (ur. 2 kwietnia 1947 w Krakowie, zm. 9 lipca 2021 tam\u017ce) \u2013 polski slawista i t\u0142umacz pochodzenia \u017cydowskiego, dzia\u0142acz opozycji demokratycznej w PRL, cz\u0142onek NSZZ \u201eSolidarno\u015b\u0107\u201d.<\/strong><br \/>\n<strong>Po og\u0142oszeniu stanu wojennego zosta\u0142 internowany w dniu 18 grudnia 1981 r. Przebywa\u0142 w zak\u0142adach karnych w Szerokiej i Uhercach. Zosta\u0142 zwolniony w czerwcu 1982 r., ale uniemo\u017cliwiono mu powr\u00f3t do pracy na uniwersytecie.<\/strong><\/p>\n<p><strong>W kwietniu 1983 r. wyemigrowa\u0142 do Szwecji. W tym samym roku rozpocz\u0105\u0142 prac\u0119 w Instytucie Slawistyki Uniwersytetu w Sztokholmie. Od 1995 r. pracowa\u0142 tam jako profesor j\u0119zyka i literatury polskiej, w 2003 r. zosta\u0142 dyrektorem Instytutu Slawistyki. W 2012 r. przeszed\u0142 na emerytur\u0119. Od 2015 r. z powrotem mieszka\u0142 w Polsce.<\/strong><br \/>\n<strong>By\u0142 cz\u0142onkiem Stowarzyszenia Pisarzy Polskich do sierpnia 2020 roku.<\/strong><br \/>\n<strong>Zmar\u0142 9 lipca 2021 r. w Krakowie. Zosta\u0142 pochowany 20 lipca 2021 r. na Nowym Cmentarzu \u017bydowskim w Krakowie.<\/strong><\/p>\n<p><strong>Z notatki wydawniczej:<\/strong><\/p>\n<p><strong>Prezentowana praca to zbi\u00f3r intelektualnych &#8211; jak zawsze w przypadku tw\u00f3rczo\u015bci Leonarda Neugera &#8211; esej\u00f3w stanowi\u0105cych rozwa\u017cania nad wybranymi zagadnieniami literatury polskiej. Autor proponuje odmienn\u0105 od przyzwyczaje\u0144 czytelniczych prowokacyjn\u0105 nieco lektur\u0119 dzie\u0142 Mickiewicza, S\u0142owackiego, Sienkiewicza oraz takie\u017c spojrzenia na modernistyczny dyskurs Mitteleuropy. T\u0119 prowokacyjno\u015b\u0107 Autor uzyskuje dzi\u0119ki perspektywie, z jakiej patrzy na dzie\u0142a klasyk\u00f3w czy na geografi\u0119 polityczn\u0105 &#8211; np. Mickiewicz czytany z perspektywy feministycznej, Sienkiewicz &#8211; z genderowej.\u00a0<\/strong><strong>Ksi\u0105\u017cka zawiera te\u017c wysmakowane szkice dotycz\u0105ce wybranych aspekt\u00f3w tw\u00f3rczo\u015bci Gombrowicza, Szymborskiej, Huellego, S\u0142obodzianka.\u00a0<\/strong><strong>Przede wszystkim za\u015b pokazuje, \u201ejak umiej\u0119tnie dozowana erudycja mo\u017ce by\u0107 wsparciem dla wra\u017cliwo\u015bci\u201d.<\/strong><\/p>\n<p><strong>SPIS TRE\u015aCI :<\/strong><\/p>\n<p><strong>Ballady i romanse Adama Mickiewicza \u2014 niespe\u0142niona szansa romantyzmu polskiego<\/strong><\/p>\n<p><strong>Mickiewicz a Stagnelius. Rekonesans<\/strong><\/p>\n<p><strong>W szponach ironii. O drobnym wierszu Juliusza S\u0142owackiego<\/strong><\/p>\n<p><strong>Ellen Sofia Wester donosi z Warszawy<\/strong><\/p>\n<p><strong>Cia\u0142o m\u0119skie w Potopie Henryka Sienkiewicza<\/strong><\/p>\n<p><strong>Europa \u015arodkowa jako problem<\/strong><\/p>\n<p><strong>Milczenie Gombrowicza<\/strong><\/p>\n<p><strong>Granice tranzytywno\u015bci<\/strong><\/p>\n<p><strong>U\u015bmiech Wis\u0142awy Szymborskiej<\/strong><\/p>\n<p><strong>M\u00f3wi si\u0119&#8230; W zatrz\u0119sieniu Wis\u0142awy Szymborskiej \u2014 Vimmelkantig Andersa Bodeg\u00e5rda<\/strong><\/p>\n<p><strong>Pawe\u0142 Huelle. Przywracanie dozna\u0144<\/strong><\/p>\n<p><strong>\u201eJak si\u0119 zbudzi, to nas zje&#8230;\u201d Sen pluskwy, czyli towarzysz Chrystus Tadeusza S\u0142obodzianka<\/strong><\/p>\n<p><strong>Nota bibliograficzna<\/strong><\/p>\n<p><span style=\"color: #ff0000;\">Uwaga: ostatnie egzemplarze magazynowe z wyczerpanego w wydawnictwie nak\u0142adu z niewielkimi \u015bladami sk\u0142adowania !<\/span><\/p>\n","protected":false},"excerpt":{"rendered":"<p><strong>Wydawnictwo Uniwersytetu \u015al\u0105skiego Katowice 2006, stron 148, nota bibliogr., oprawa mi\u0119kka ze skrzyde\u0142kami matowa, format ok. 14,5 cm x 20,5 cm<\/strong><\/p>\n<p><span style=\"color: #ff0000;\"><strong>Nak\u0142ad tylko: 400 + 50 egz. !<\/strong><\/span><\/p>\n","protected":false},"featured_media":5111,"template":"","meta":{"_acf_changed":false},"product_brand":[],"product_cat":[45,612,553,557,578],"product_tag":[687,1416,1554,1550,1552,1548,838,1549,1553,690,1551,1230],"class_list":{"0":"post-3668","1":"product","2":"type-product","3":"status-publish","4":"has-post-thumbnail","6":"product_cat-nowe","7":"product_cat-kultura","8":"product_cat-kultura-sztuka-muzyka","9":"product_cat-literaturoznawstwo","10":"product_cat-pozostale-kultura-sztuka-muzyka","11":"product_tag-esej","12":"product_tag-europa","13":"product_tag-gender","14":"product_tag-gombrowicz","15":"product_tag-huelle","16":"product_tag-leonard-neuger","17":"product_tag-mickiewicz","18":"product_tag-sienkiewicz","19":"product_tag-slobodzianek","20":"product_tag-slowacki","21":"product_tag-szymborska","22":"product_tag-zydzi","23":"pa_autor-leonard-neuger","24":"pa_rok-wydania-379","26":"first","27":"instock","28":"featured","29":"sold-individually","30":"taxable","31":"shipping-taxable","32":"purchasable","33":"product-type-simple"},"acf":[],"_links":{"self":[{"href":"https:\/\/ekodeks.com.pl\/sklep\/wp-json\/wp\/v2\/product\/3668","targetHints":{"allow":["GET"]}}],"collection":[{"href":"https:\/\/ekodeks.com.pl\/sklep\/wp-json\/wp\/v2\/product"}],"about":[{"href":"https:\/\/ekodeks.com.pl\/sklep\/wp-json\/wp\/v2\/types\/product"}],"wp:featuredmedia":[{"embeddable":true,"href":"https:\/\/ekodeks.com.pl\/sklep\/wp-json\/wp\/v2\/media\/5111"}],"wp:attachment":[{"href":"https:\/\/ekodeks.com.pl\/sklep\/wp-json\/wp\/v2\/media?parent=3668"}],"wp:term":[{"taxonomy":"product_brand","embeddable":true,"href":"https:\/\/ekodeks.com.pl\/sklep\/wp-json\/wp\/v2\/product_brand?post=3668"},{"taxonomy":"product_cat","embeddable":true,"href":"https:\/\/ekodeks.com.pl\/sklep\/wp-json\/wp\/v2\/product_cat?post=3668"},{"taxonomy":"product_tag","embeddable":true,"href":"https:\/\/ekodeks.com.pl\/sklep\/wp-json\/wp\/v2\/product_tag?post=3668"}],"curies":[{"name":"wp","href":"https:\/\/api.w.org\/{rel}","templated":true}]}}